3*k = -3*k. Suppose 2*p - 7*p + 2120 = 5*c, -2*c + p + 833 = k. What is the hundreds digit of c?
4
Let z(r) = -3*r + 69. Let u be z(18). What is the hundreds digit of (160/u)/(-8) - (-3568)/12?
2
Suppose -y - 5 = 0, 5*t + 5 = y + 25. What is the hundreds digit of ((-6)/(4 + -16))/(t/1446)?
2
Let w = 8 - -18. Suppose 3*v + 19 = -5*s, -4*v = -5*s + 63 - w. Let j(o) = -o**2 - 24*o + 5. What is the hundreds digit of j(v)?
1
Let u(z) be the second derivative of z**6/180 + z**5/5 - 13*z**4/12 - 2*z. Let q(b) be the third derivative of u(b). What is the units digit of q(8)?
6
Let p = 33 - 35. Let a(c) = -9*c - 15. Let t be a(p). Let x(i) = 19*i**2 - 3*i - 8. What is the tens digit of x(t)?
5
Let c be (-424)/3*(-18 - -9). Suppose -a = -4*v - 3*a + c, -5*a + 10 = 0. What is the units digit of v?
7
Let y be 2*1*((-3339)/(-14) - -4). Suppose 3*o - 291 = 3*j, -y = -5*o + 3*j - 2*j. What is the units digit of o?
7
Let y = 300 - 2812. Let z = y + 3980. What is the hundreds digit of z?
4
Let m(q) = q**3 - 2*q**2 - 12*q + 10. Let k be m(4). What is the units digit of (k + 1)/((180/(-4125))/12)?
5
Let t = 46 + -51. Let n be 56 + 5/2*6/t. Suppose 0 = -f + n + 13. What is the units digit of f?
6
What is the tens digit of 45/(-180)*(4 + (-4)/2 + -134014)?
0
Suppose 4*n = 169 + 167. Let h = n - -388. What is the hundreds digit of h?
4
Suppose 158*q + 96*q = 6412484. What is the units digit of q?
6
Suppose -234*w - 1424 = -232*w. Let p = w + 1001. What is the tens digit of p?
8
Let n(o) be the second derivative of o**5/20 + o**4 - 7*o**3/3 - 14*o**2 - 16*o. What is the tens digit of n(-7)?
1
What is the thousands digit of 24/(-30) + (-478366)/(-70)?
6
Let r(m) = m**3 + 38*m**2 + m + 38. Let b be r(-38). What is the hundreds digit of 2 + 1249 + 2 + (-2 - b)?
2
What is the hundreds digit of (19/(-76))/(2/8)*-6918?
9
Suppose -j - 4*r = -28, 4*j + 4 = 2*r + 44. Suppose -j*p + 174 = -11*p. What is the units digit of p?
4
Let u = 10967 - 4412. What is the units digit of u?
5
Let b(t) = 3*t**2 - 131*t - 98. Let k be b(55). Let c = k - 874. What is the hundreds digit of c?
8
Let v be 176/20 - 5/(-25). What is the tens digit of 6842/16 + v/24?
2
Let m(q) = 6*q**3 + 23*q**2 - 8*q + 66. Let c(v) = v**3 + v. Let h(z) = 5*c(z) - m(z). What is the hundreds digit of h(-24)?
1
Suppose -24 = 20*k - 16*k. What is the units digit of (k/7)/(-2) - (-27716)/91?
5
Suppose 4*t = 5*k - k - 40484, -5*k + 2*t = -50587. What is the ten thousands digit of k?
1
Let t(y) = -6*y - 16. Let h be t(-3). Suppose -3*a = -r - 424, -r - 2 = -h*r. Suppose 0 = -4*i + 74 + a. What is the tens digit of i?
5
Suppose 2*q - 2*x - 20 = 0, 10*x = -5*q + 9*x + 20. Let s = -11 + 15. Suppose -4*h = -q*n - 84, s*n - 16 = -h - h. What is the units digit of h?
6
Suppose -3*a + 60005 = 2*m, -3*m - 70611 = -5*a + 29410. What is the tens digit of a?
0
Let m = -215 + 218. Suppose m*v - 2157 = -0*v. What is the tens digit of v?
1
Let t(c) be the first derivative of -249*c**2/2 + 9*c - 197. What is the tens digit of t(-1)?
5
Let y = -5 + 11. Suppose -6*m + 12 = -y. Suppose -5*c - 133 = -3*v + 213, -m*c - 122 = -v. What is the hundreds digit of v?
1
Suppose 4*c = -34 + 50. Suppose 0 = a + c - 2. What is the tens digit of a/(-2)*(49 - -1 - 3)?
4
Suppose -7*n + 4*j = -8179 - 636, 2*n + j = 2510. What is the hundreds digit of n?
2
Let p(c) = -63*c - 67 + 10*c - 7*c. What is the tens digit of p(-13)?
1
What is the thousands digit of 4/(-1)*295085/(-70)?
6
Suppose -127*i + 2*z - 1345 = -132*i, 3*i - 807 = 3*z. What is the tens digit of i?
6
What is the thousands digit of 28357 - -2*(-253)/46?
8
Let c be 0/(-2)*(-5)/(-60)*6. Suppose c = -4*l + 3*k + 2225, -3 = -3*k + 4*k. Let f = l - 303. What is the tens digit of f?
5
Let z = 10336 - 6804. What is the hundreds digit of z?
5
Suppose -532 = -5*k - 107. Let z = k + 329. What is the units digit of z/(-21)*(-3 - 8/2)?
8
Let x be 7*(1/(-5) + 0)*-5. Suppose -y = o - 12, 2*o + 5*y = 17 + x. What is the tens digit of (-8 + o)/(2/19)?
3
What is the units digit of 46736*(154/44)/7?
8
Suppose 3*v - v - 15692 = -4*x, -5*v + 39278 = -2*x. What is the tens digit of v?
5
Let b = -171 + 271. Let c be b/12 + 2/(-6). Let i(f) = f**3 - 7*f**2 + 3*f - 17. What is the units digit of i(c)?
1
Let u(b) be the third derivative of b**5/15 - 41*b**4/24 - 89*b**3/3 + 177*b**2. What is the tens digit of u(-6)?
1
Let s(c) = c**3 - 2*c**2 + 2. Let d be s(2). Let i = 1689 + -1689. Suppose -d*n + 4*n - 4 = i, 4*m + 4*n - 276 = 0. What is the tens digit of m?
6
Suppose -p = p + 5*x - 1, 0 = 4*p - x - 13. Suppose -7 = -5*n + 28. Suppose n*u = p*u + 60. What is the tens digit of u?
1
Let l = 290 + -112. Let q = 694 + l. What is the hundreds digit of q?
8
Let k(a) = 2*a**2 + 2*a + 76. Suppose 4*q - 119 = 5*i, 4*i - 15 + 1 = -q. Suppose q*b = 22*b. What is the tens digit of k(b)?
7
Let b(c) = -429*c - 48. Let r be b(14). What is the units digit of ((-60)/(-90))/((-4)/r)?
9
Let l(d) = -d**3 + 10*d**2 + 14*d + 20. Let x be 3/(-6)*(6 - 0). Let b be ((2 + x)*-9)/1. What is the tens digit of l(b)?
2
Suppose -5*a - 1196 + 6396 = 0. Let u = -709 + a. Let g = u - 198. What is the tens digit of g?
3
Let n(v) = 2*v**2 + 154*v - 1121. What is the thousands digit of n(-114)?
7
What is the thousands digit of ((-247216)/(-10))/(180/225)?
0
Let n be ((-10)/(-4))/(25 - 1224/48). Let h(v) = -39*v + 2. Let q be h(2). What is the units digit of -412*(q/(-16) + n)?
3
Suppose -5*r + 0*c + 3*c = -2, 26 = -3*r - 5*c. Let z(n) = 27*n**2 + 4*n + 6. Let x be z(r). Let l = x - 37. What is the units digit of l?
9
Let t(n) = -231*n**3 + 48*n**2 + 2*n - 29. What is the units digit of t(-4)?
5
Let g(b) = -2*b - 15. Suppose -14*x = x + 135. Let i be g(x). Suppose -3*v = f - i*f + 345, -5*v = -5*f + 860. What is the hundreds digit of f?
1
Let k be -4 + (25/5 - 2). Let p be (k/(-2))/(1/202). Suppose -3*h = -p - 25. What is the tens digit of h?
4
Suppose 91*x + 434682 = 1684531 + 2216159. What is the hundreds digit of x?
0
Suppose 4*n = -5*m + 224 + 469, -3*m - 717 = -4*n. Let b = 716 - n. What is the tens digit of b?
3
Suppose -5*k = -35, -5419 + 45265 = 2*t + 2*k. What is the tens digit of t?
1
Let l(n) = -2585*n + 4233. What is the tens digit of l(-20)?
3
What is the thousands digit of (360/21)/((-14736)/1638 - -9)?
4
Suppose -41 + 17 = 8*h. What is the units digit of h + (-5)/((-30)/42)?
4
Suppose -144 = -6*x - 114. Suppose 132 = x*l - 4*r, 0 = -4*l + 3*r + 101 + 5. What is the tens digit of l?
2
Suppose -77712 = -74*v + 66*v. What is the thousands digit of v?
9
Suppose 21*f = 26*f - 10. Let n be 3/(-6) + 2 + (-3483)/f. What is the tens digit of (-8)/14 - n/7?
4
Let v be ((-40)/8)/(1/(-869)). Suppose 151*d = 156*d - v. What is the units digit of d?
9
Let h be -1 + (-2 - -3) + 2. Let k = 2862 + -2858. Suppose k*x + l - h*l = 12, 3*x + 5*l - 32 = 0. What is the units digit of x?
4
Suppose -3385*m + 3404*m = 743774. What is the tens digit of m?
4
Suppose -z + 2 = -3*k, 5*z - 60 = 3*k + 2*k. Let m(q) = q**2 - 12 - 51*q + 21*q + z*q. What is the tens digit of m(15)?
1
Let q = 46394 - -23720. What is the ten thousands digit of q?
7
Suppose 2*j - 6073 = -b, -4*b + 9*b + 2*j = 30317. What is the hundreds digit of b?
0
Suppose -6*w - 4*r + 86964 = 0, 4*w - 57974 = 18*r - 20*r. What is the tens digit of w?
9
Suppose 5*b - 5*z - 121980 = 0, -13*b - 97536 = -17*b - 4*z. What is the thousands digit of b?
4
Let b(o) = 96*o**3 - 4*o**2 - 5*o - 9. Let y be b(-3). Let l = y - -4869. What is the tens digit of 10/50 - l/(-15)?
5
Let w(t) = 13*t. Let g be w(16). Suppose -3*j - g = a - 3*a, 4*j = 3*a - 310. Let o = a - 9. What is the tens digit of o?
8
Let v(s) = -s**2 + 15*s - 39. Let o be v(11). Suppose -n - 186 = -3*x + 18, o*n = 5*x - 330. What is the units digit of x?
9
Let d = 1047 + -663. Let p be (6/(-10) - 1)/((-12)/330). Suppose -d = -4*t - p. What is the units digit of t?
5
Suppose -6*p + 27 = 15. Suppose -3*j + 7 = -t + p*j, -5*j = -3*t - 11. What is the units digit of -87*(t - (-6)/9) - -3?
9
Let m = 65 - 26. Let u = 42 - m. What is the tens digit of 1/(u/87 - 0)?
2
Let m(p) = -p**3 + 86*p**2 - 16*p - 402. What is the units digit of m(83)?
7
Suppose 31*w + 4*d - 15986 = 29*w, 4*w - 31945 = d. What is the hundreds digit of w?
9
Let z(b) be the third de